[INFO] cloning repository https://github.com/ForsakenHarmony/voxel-engine-test
[INFO] running `Command { std: "git" "-c" "credential.helper=" "-c" "credential.helper=/workspace/cargo-home/bin/git-credential-null" "clone" "--bare" "https://github.com/ForsakenHarmony/voxel-engine-test" "/workspace/cache/git-repos/https%3A%2F%2Fgithub.com%2FForsakenHarmony%2Fvoxel-engine-test", kill_on_drop: false }`
[INFO] [stderr] Cloning into bare repository '/workspace/cache/git-repos/https%3A%2F%2Fgithub.com%2FForsakenHarmony%2Fvoxel-engine-test'...
[INFO] running `Command { std: "git" "rev-parse" "HEAD", kill_on_drop: false }`
[INFO] [stdout] 41be78c7afe4111be7ea3275be1b68de74dc9479
[INFO] checking ForsakenHarmony/voxel-engine-test against master#e6e4f7ed1589e03bc2f6c5931c1a72e7947e8682 for beta-170-4
[INFO] running `Command { std: "git" "clone" "/workspace/cache/git-repos/https%3A%2F%2Fgithub.com%2FForsakenHarmony%2Fvoxel-engine-test" "/workspace/builds/worker-1-tc2/source", kill_on_drop: false }`
[INFO] [stderr] Cloning into '/workspace/builds/worker-1-tc2/source'...
[INFO] [stderr] done.
[INFO] validating manifest of git repo https://github.com/ForsakenHarmony/voxel-engine-test on toolchain e6e4f7ed1589e03bc2f6c5931c1a72e7947e8682
[INFO] running `Command { std: CARGO_HOME="/workspace/cargo-home" RUSTUP_HOME="/workspace/rustup-home" "/workspace/cargo-home/bin/cargo" "+e6e4f7ed1589e03bc2f6c5931c1a72e7947e8682" "metadata" "--manifest-path" "Cargo.toml" "--no-deps", kill_on_drop: false }`
[INFO] started tweaking git repo https://github.com/ForsakenHarmony/voxel-engine-test
[INFO] finished tweaking git repo https://github.com/ForsakenHarmony/voxel-engine-test
[INFO] tweaked toml for git repo https://github.com/ForsakenHarmony/voxel-engine-test written to /workspace/builds/worker-1-tc2/source/Cargo.toml
[INFO] crate git repo https://github.com/ForsakenHarmony/voxel-engine-test already has a lockfile, it will not be regenerated
[INFO] running `Command { std: CARGO_HOME="/workspace/cargo-home" RUSTUP_HOME="/workspace/rustup-home" "/workspace/cargo-home/bin/cargo" "+e6e4f7ed1589e03bc2f6c5931c1a72e7947e8682" "fetch" "--manifest-path" "Cargo.toml", kill_on_drop: false }`
[INFO] running `Command { std: "docker" "create" "-v" "/var/lib/crater-agent-workspace/builds/worker-1-tc2/target:/opt/rustwide/target:rw,Z" "-v" "/var/lib/crater-agent-workspace/builds/worker-1-tc2/source:/opt/rustwide/workdir:ro,Z" "-v" "/var/lib/crater-agent-workspace/cargo-home:/opt/rustwide/cargo-home:ro,Z" "-v" "/var/lib/crater-agent-workspace/rustup-home:/opt/rustwide/rustup-home:ro,Z" "-e" "SOURCE_DIR=/opt/rustwide/workdir" "-e" "CARGO_TARGET_DIR=/opt/rustwide/target" "-e" "CARGO_HOME=/opt/rustwide/cargo-home" "-e" "RUSTUP_HOME=/opt/rustwide/rustup-home" "-w" "/opt/rustwide/workdir" "-m" "1610612736" "--user" "0:0" "--network" "none" "ghcr.io/rust-lang/crates-build-env/linux@sha256:19e73879b68f455e41552ea35293514db52ea292d993f571636dbffedb77a1ee" "/opt/rustwide/cargo-home/bin/cargo" "+e6e4f7ed1589e03bc2f6c5931c1a72e7947e8682" "metadata" "--no-deps" "--format-version=1", kill_on_drop: false }`
[INFO] [stdout] 8fa9ec7f3f540ece6a6498865f739c48bb2dde439f75bd5c0a7cea8ef6da0a1d
[INFO] running `Command { std: "docker" "start" "-a" "8fa9ec7f3f540ece6a6498865f739c48bb2dde439f75bd5c0a7cea8ef6da0a1d", kill_on_drop: false }`
[INFO] running `Command { std: "docker" "inspect" "8fa9ec7f3f540ece6a6498865f739c48bb2dde439f75bd5c0a7cea8ef6da0a1d", kill_on_drop: false }`
[INFO] running `Command { std: "docker" "rm" "-f" "8fa9ec7f3f540ece6a6498865f739c48bb2dde439f75bd5c0a7cea8ef6da0a1d", kill_on_drop: false }`
[INFO] [stdout] 8fa9ec7f3f540ece6a6498865f739c48bb2dde439f75bd5c0a7cea8ef6da0a1d
[INFO] running `Command { std: "docker" "create" "-v" "/var/lib/crater-agent-workspace/builds/worker-1-tc2/target:/opt/rustwide/target:rw,Z" "-v" "/var/lib/crater-agent-workspace/builds/worker-1-tc2/source:/opt/rustwide/workdir:ro,Z" "-v" "/var/lib/crater-agent-workspace/cargo-home:/opt/rustwide/cargo-home:ro,Z" "-v" "/var/lib/crater-agent-workspace/rustup-home:/opt/rustwide/rustup-home:ro,Z" "-e" "SOURCE_DIR=/opt/rustwide/workdir" "-e" "CARGO_TARGET_DIR=/opt/rustwide/target" "-e" "CARGO_INCREMENTAL=0" "-e" "RUST_BACKTRACE=full" "-e" "RUSTFLAGS=--cap-lints=forbid" "-e" "RUSTDOCFLAGS=--cap-lints=forbid" "-e" "CARGO_HOME=/opt/rustwide/cargo-home" "-e" "RUSTUP_HOME=/opt/rustwide/rustup-home" "-w" "/opt/rustwide/workdir" "-m" "1610612736" "--user" "0:0" "--network" "none" "ghcr.io/rust-lang/crates-build-env/linux@sha256:19e73879b68f455e41552ea35293514db52ea292d993f571636dbffedb77a1ee" "/opt/rustwide/cargo-home/bin/cargo" "+e6e4f7ed1589e03bc2f6c5931c1a72e7947e8682" "check" "--frozen" "--all" "--all-targets" "--message-format=json", kill_on_drop: false }`
[INFO] [stdout] 84a13eaa8f90bdc45c2fc4e97354cb039103a644557a8c72e7b4a8cc45a91b4d
[INFO] running `Command { std: "docker" "start" "-a" "84a13eaa8f90bdc45c2fc4e97354cb039103a644557a8c72e7b4a8cc45a91b4d", kill_on_drop: false }`
[INFO] [stderr]     Checking libc v0.2.18
[INFO] [stderr]    Compiling phf_shared v0.7.20
[INFO] [stderr]    Compiling bitflags v0.7.0
[INFO] [stderr]    Compiling num-traits v0.1.36
[INFO] [stderr]    Compiling dtoa v0.2.2
[INFO] [stderr]    Compiling serde v0.8.21
[INFO] [stderr]    Compiling itoa v0.1.1
[INFO] [stderr]     Checking lazy_static v0.2.2
[INFO] [stderr]    Compiling khronos_api v1.0.0
[INFO] [stderr]    Compiling log v0.3.6
[INFO] [stderr]     Checking rustc-serialize v0.3.22
[INFO] [stderr]     Checking lazy_static v0.1.16
[INFO] [stderr]    Compiling tempfile v2.1.4
[INFO] [stderr]    Compiling xml-rs v0.3.5
[INFO] [stderr]    Compiling phf v0.7.20
[INFO] [stderr]    Compiling pkg-config v0.3.8
[INFO] [stderr]     Checking bitflags v0.6.0
[INFO] [stderr]     Checking crossbeam v0.2.10
[INFO] [stderr]     Checking byteorder v0.5.3
[INFO] [stderr]     Checking draw_state v0.6.0
[INFO] [stderr]     Checking atom v0.3.4
[INFO] [stderr]     Checking fnv v1.0.5
[INFO] [stderr]     Checking tuple_utils v0.2.0
[INFO] [stderr]     Checking rand v0.3.15
[INFO] [stderr]     Checking fs2 v0.2.5
[INFO] [stderr]     Checking shared_library v0.1.5
[INFO] [stderr]     Checking time v0.1.35
[INFO] [stderr]     Checking threadpool v1.3.2
[INFO] [stderr]     Checking mopa v0.2.2
[INFO] [stderr]     Checking osmesa-sys v0.1.2
[INFO] [stderr]     Checking memmap v0.2.3
[INFO] [stderr]     Checking gfx_core v0.4.0
[INFO] [stderr]     Checking num-integer v0.1.32
[INFO] [stderr]     Checking memchr v0.1.11
[INFO] [stderr]     Checking thread-id v2.0.0
[INFO] [stderr]     Checking yaml-rust v0.3.5
[INFO] [stderr]     Checking vec_map v0.6.0
[INFO] [stderr]     Checking approx v0.1.1
[INFO] [stderr]     Checking thread_local v0.2.7
[INFO] [stderr]     Checking num-iter v0.1.32
[INFO] [stderr]     Checking aho-corasick v0.5.3
[INFO] [stderr]     Checking pulse v0.5.3
[INFO] [stderr]    Compiling x11-dl v2.12.0
[INFO] [stderr]    Compiling gl_generator v0.5.2
[INFO] [stderr]    Compiling wayland-scanner v0.5.11
[INFO] [stderr]     Checking specs v0.7.1
[INFO] [stderr]     Checking regex v0.1.80
[INFO] [stderr]    Compiling phf_generator v0.7.20
[INFO] [stderr]     Checking amethyst_config v0.1.0 (https://github.com/amethyst/amethyst.git?branch=develop#8bd9e977)
[INFO] [stderr]    Compiling phf_codegen v0.7.20
[INFO] [stderr]    Compiling wayland-client v0.5.12
[INFO] [stderr]    Compiling target_build_utils v0.1.2
[INFO] [stderr]     Checking amethyst_ecs v0.1.1 (https://github.com/amethyst/amethyst.git?branch=develop#8bd9e977)
[INFO] [stderr]     Checking gfx v0.12.2
[INFO] [stderr]    Compiling gfx_gl v0.3.1
[INFO] [stderr]    Compiling glutin v0.6.2
[INFO] [stderr]     Checking env_logger v0.3.5
[INFO] [stderr]     Checking num-bigint v0.1.35
[INFO] [stderr]     Checking num-complex v0.1.35
[INFO] [stderr]     Checking cgmath v0.11.0
[INFO] [stderr]     Checking cgmath v0.12.0
[INFO] [stderr]     Checking obj-rs v0.4.16
[INFO] [stderr]    Compiling serde_json v0.8.4
[INFO] [stderr]     Checking num-rational v0.1.35
[INFO] [stderr]     Checking num v0.1.36
[INFO] [stderr]     Checking cgmath v0.7.0
[INFO] [stdout] error[E0277]: the trait bound `S: Copy` is not satisfied
[INFO] [stdout]    --> /opt/rustwide/cargo-home/registry/src/index.crates.io-6f17d22bba15001f/cgmath-0.11.0/src/rotation.rs:146:5
[INFO] [stdout]     |
[INFO] [stdout] 143 | #[cfg_attr(feature = "rustc-serialize", derive(RustcEncodable, RustcDecodable))]
[INFO] [stdout]     |                                                --------------
[INFO] [stdout]     |                                                |
[INFO] [stdout]     |                                                required by a bound introduced by this call
[INFO] [stdout]     |                                                in this derive macro expansion
[INFO] [stdout] ...
[INFO] [stdout] 146 |     mat: Matrix2<S>
[INFO] [stdout]     |     ^^^^^^^^^^^^^^^ the trait `Copy` is not implemented for `S`
[INFO] [stdout]     |
[INFO] [stdout] note: required for `Matrix2<S>` to implement `Encodable`
[INFO] [stdout]    --> /opt/rustwide/cargo-home/registry/src/index.crates.io-6f17d22bba15001f/cgmath-0.11.0/src/matrix.rs:39:48
[INFO] [stdout]     |
[INFO] [stdout] 39  | #[cfg_attr(feature = "rustc-serialize", derive(RustcEncodable, RustcDecodable))]
[INFO] [stdout]     |                                                ^^^^^^^^^^^^^^ unsatisfied trait bound introduced in this `derive` macro
[INFO] [stdout]     = note: 1 redundant requirement hidden
[INFO] [stdout]     = note: required for `&Matrix2<S>` to implement `Encodable`
[INFO] [stdout]     = note: this error originates in the derive macro `RustcEncodable` (in Nightly builds, run with -Z macro-backtrace for more info)
[INFO] [stdout] help: consider restricting type parameter `S`
[INFO] [stdout]     |
[INFO] [stdout] 145 | pub struct Basis2<S: std::marker::Copy> {
[INFO] [stdout]     |                    +++++++++++++++++++
[INFO] [stdout] 
[INFO] [stdout] 
[INFO] [stdout] error[E0277]: the trait bound `S: Copy` is not satisfied
[INFO] [stdout]    --> /opt/rustwide/cargo-home/registry/src/index.crates.io-6f17d22bba15001f/cgmath-0.11.0/src/rotation.rs:146:5
[INFO] [stdout]     |
[INFO] [stdout] 143 | #[cfg_attr(feature = "rustc-serialize", derive(RustcEncodable, RustcDecodable))]
[INFO] [stdout]     |                                                                -------------- in this derive macro expansion
[INFO] [stdout] ...
[INFO] [stdout] 146 |     mat: Matrix2<S>
[INFO] [stdout]     |     ^^^^^^^^^^^^^^^ the trait `Copy` is not implemented for `S`
[INFO] [stdout]     |
[INFO] [stdout] note: required for `Matrix2<S>` to implement `Decodable`
[INFO] [stdout]    --> /opt/rustwide/cargo-home/registry/src/index.crates.io-6f17d22bba15001f/cgmath-0.11.0/src/matrix.rs:39:64
[INFO] [stdout]     |
[INFO] [stdout] 39  | #[cfg_attr(feature = "rustc-serialize", derive(RustcEncodable, RustcDecodable))]
[INFO] [stdout]     |                                                                ^^^^^^^^^^^^^^ unsatisfied trait bound introduced in this `derive` macro
[INFO] [stdout]     = note: this error originates in the derive macro `RustcDecodable` (in Nightly builds, run with -Z macro-backtrace for more info)
[INFO] [stdout] help: consider restricting type parameter `S`
[INFO] [stdout]     |
[INFO] [stdout] 145 | pub struct Basis2<S: std::marker::Copy> {
[INFO] [stdout]     |                    +++++++++++++++++++
[INFO] [stdout] 
[INFO] [stdout] 
[INFO] [stdout] error[E0277]: the trait bound `S: Copy` is not satisfied
[INFO] [stdout]    --> /opt/rustwide/cargo-home/registry/src/index.crates.io-6f17d22bba15001f/cgmath-0.11.0/src/rotation.rs:143:64
[INFO] [stdout]     |
[INFO] [stdout] 143 | #[cfg_attr(feature = "rustc-serialize", derive(RustcEncodable, RustcDecodable))]
[INFO] [stdout]     |                                                                ^^^^^^^^^^^^^^ the trait `Copy` is not implemented for `S`
[INFO] [stdout]     |
[INFO] [stdout] note: required for `Matrix2<S>` to implement `Decodable`
[INFO] [stdout]    --> /opt/rustwide/cargo-home/registry/src/index.crates.io-6f17d22bba15001f/cgmath-0.11.0/src/matrix.rs:39:64
[INFO] [stdout]     |
[INFO] [stdout] 39  | #[cfg_attr(feature = "rustc-serialize", derive(RustcEncodable, RustcDecodable))]
[INFO] [stdout]     |                                                                ^^^^^^^^^^^^^^ unsatisfied trait bound introduced in this `derive` macro
[INFO] [stdout]     = note: this error originates in the derive macro `RustcDecodable` (in Nightly builds, run with -Z macro-backtrace for more info)
[INFO] [stdout] help: consider restricting type parameter `S`
[INFO] [stdout]     |
[INFO] [stdout] 145 | pub struct Basis2<S: std::marker::Copy> {
[INFO] [stdout]     |                    +++++++++++++++++++
[INFO] [stdout] 
[INFO] [stdout] 
[INFO] [stdout] error[E0369]: binary operation `==` cannot be applied to type `Matrix2<S>`
[INFO] [stdout]    --> /opt/rustwide/cargo-home/registry/src/index.crates.io-6f17d22bba15001f/cgmath-0.11.0/src/rotation.rs:146:5
[INFO] [stdout]     |
[INFO] [stdout] 142 | #[derive(PartialEq, Copy, Clone)]
[INFO] [stdout]     |          --------- in this derive macro expansion
[INFO] [stdout] ...
[INFO] [stdout] 146 |     mat: Matrix2<S>
[INFO] [stdout]     |     ^^^^^^^^^^^^^^^
[INFO] [stdout]     |
[INFO] [stdout]     = note: this error originates in the derive macro `PartialEq` (in Nightly builds, run with -Z macro-backtrace for more info)
[INFO] [stdout] help: consider restricting type parameter `S`
[INFO] [stdout]     |
[INFO] [stdout] 145 | pub struct Basis2<S: std::marker::Copy> {
[INFO] [stdout]     |                    +++++++++++++++++++
[INFO] [stdout] 
[INFO] [stdout] 
[INFO] [stdout] error[E0277]: the trait bound `S: Copy` is not satisfied
[INFO] [stdout]    --> /opt/rustwide/cargo-home/registry/src/index.crates.io-6f17d22bba15001f/cgmath-0.11.0/src/rotation.rs:146:5
[INFO] [stdout]     |
[INFO] [stdout] 142 | #[derive(PartialEq, Copy, Clone)]
[INFO] [stdout]     |                           ----- in this derive macro expansion
[INFO] [stdout] ...
[INFO] [stdout] 146 |     mat: Matrix2<S>
[INFO] [stdout]     |     ^^^^^^^^^^^^^^^ the trait `Copy` is not implemented for `S`
[INFO] [stdout]     |
[INFO] [stdout] note: required for `Matrix2<S>` to implement `Clone`
[INFO] [stdout]    --> /opt/rustwide/cargo-home/registry/src/index.crates.io-6f17d22bba15001f/cgmath-0.11.0/src/matrix.rs:38:16
[INFO] [stdout]     |
[INFO] [stdout] 38  | #[derive(Copy, Clone, PartialEq)]
[INFO] [stdout]     |                ^^^^^ unsatisfied trait bound introduced in this `derive` macro
[INFO] [stdout]     = note: this error originates in the derive macro `Clone` (in Nightly builds, run with -Z macro-backtrace for more info)
[INFO] [stdout] help: consider restricting type parameter `S`
[INFO] [stdout]     |
[INFO] [stdout] 145 | pub struct Basis2<S: std::marker::Copy> {
[INFO] [stdout]     |                    +++++++++++++++++++
[INFO] [stdout] 
[INFO] [stdout] 
[INFO] [stdout] error[E0277]: the trait bound `S: Copy` is not satisfied
[INFO] [stdout]    --> /opt/rustwide/cargo-home/registry/src/index.crates.io-6f17d22bba15001f/cgmath-0.11.0/src/rotation.rs:220:5
[INFO] [stdout]     |
[INFO] [stdout] 217 | #[cfg_attr(feature = "rustc-serialize", derive(RustcEncodable, RustcDecodable))]
[INFO] [stdout]     |                                                --------------
[INFO] [stdout]     |                                                |
[INFO] [stdout]     |                                                required by a bound introduced by this call
[INFO] [stdout]     |                                                in this derive macro expansion
[INFO] [stdout] ...
[INFO] [stdout] 220 |     mat: Matrix3<S>
[INFO] [stdout]     |     ^^^^^^^^^^^^^^^ the trait `Copy` is not implemented for `S`
[INFO] [stdout]     |
[INFO] [stdout] note: required for `Matrix3<S>` to implement `Encodable`
[INFO] [stdout]    --> /opt/rustwide/cargo-home/registry/src/index.crates.io-6f17d22bba15001f/cgmath-0.11.0/src/matrix.rs:53:48
[INFO] [stdout]     |
[INFO] [stdout] 53  | #[cfg_attr(feature = "rustc-serialize", derive(RustcEncodable, RustcDecodable))]
[INFO] [stdout]     |                                                ^^^^^^^^^^^^^^ unsatisfied trait bound introduced in this `derive` macro
[INFO] [stdout]     = note: 1 redundant requirement hidden
[INFO] [stdout]     = note: required for `&Matrix3<S>` to implement `Encodable`
[INFO] [stdout]     = note: this error originates in the derive macro `RustcEncodable` (in Nightly builds, run with -Z macro-backtrace for more info)
[INFO] [stdout] help: consider restricting type parameter `S`
[INFO] [stdout]     |
[INFO] [stdout] 219 | pub struct Basis3<S: std::marker::Copy> {
[INFO] [stdout]     |                    +++++++++++++++++++
[INFO] [stdout] 
[INFO] [stdout] 
[INFO] [stdout] error[E0277]: the trait bound `S: Copy` is not satisfied
[INFO] [stdout]    --> /opt/rustwide/cargo-home/registry/src/index.crates.io-6f17d22bba15001f/cgmath-0.11.0/src/rotation.rs:220:5
[INFO] [stdout]     |
[INFO] [stdout] 217 | #[cfg_attr(feature = "rustc-serialize", derive(RustcEncodable, RustcDecodable))]
[INFO] [stdout]     |                                                                -------------- in this derive macro expansion
[INFO] [stdout] ...
[INFO] [stdout] 220 |     mat: Matrix3<S>
[INFO] [stdout]     |     ^^^^^^^^^^^^^^^ the trait `Copy` is not implemented for `S`
[INFO] [stdout]     |
[INFO] [stdout] note: required for `Matrix3<S>` to implement `Decodable`
[INFO] [stdout]    --> /opt/rustwide/cargo-home/registry/src/index.crates.io-6f17d22bba15001f/cgmath-0.11.0/src/matrix.rs:53:64
[INFO] [stdout]     |
[INFO] [stdout] 53  | #[cfg_attr(feature = "rustc-serialize", derive(RustcEncodable, RustcDecodable))]
[INFO] [stdout]     |                                                                ^^^^^^^^^^^^^^ unsatisfied trait bound introduced in this `derive` macro
[INFO] [stdout]     = note: this error originates in the derive macro `RustcDecodable` (in Nightly builds, run with -Z macro-backtrace for more info)
[INFO] [stdout] help: consider restricting type parameter `S`
[INFO] [stdout]     |
[INFO] [stdout] 219 | pub struct Basis3<S: std::marker::Copy> {
[INFO] [stdout]     |                    +++++++++++++++++++
[INFO] [stdout] 
[INFO] [stdout] 
[INFO] [stdout] error[E0277]: the trait bound `S: Copy` is not satisfied
[INFO] [stdout]    --> /opt/rustwide/cargo-home/registry/src/index.crates.io-6f17d22bba15001f/cgmath-0.11.0/src/rotation.rs:217:64
[INFO] [stdout]     |
[INFO] [stdout] 217 | #[cfg_attr(feature = "rustc-serialize", derive(RustcEncodable, RustcDecodable))]
[INFO] [stdout]     |                                                                ^^^^^^^^^^^^^^ the trait `Copy` is not implemented for `S`
[INFO] [stdout]     |
[INFO] [stdout] note: required for `Matrix3<S>` to implement `Decodable`
[INFO] [stdout]    --> /opt/rustwide/cargo-home/registry/src/index.crates.io-6f17d22bba15001f/cgmath-0.11.0/src/matrix.rs:53:64
[INFO] [stdout]     |
[INFO] [stdout] 53  | #[cfg_attr(feature = "rustc-serialize", derive(RustcEncodable, RustcDecodable))]
[INFO] [stdout]     |                                                                ^^^^^^^^^^^^^^ unsatisfied trait bound introduced in this `derive` macro
[INFO] [stdout]     = note: this error originates in the derive macro `RustcDecodable` (in Nightly builds, run with -Z macro-backtrace for more info)
[INFO] [stdout] help: consider restricting type parameter `S`
[INFO] [stdout]     |
[INFO] [stdout] 219 | pub struct Basis3<S: std::marker::Copy> {
[INFO] [stdout]     |                    +++++++++++++++++++
[INFO] [stdout] 
[INFO] [stdout] 
[INFO] [stdout] error[E0369]: binary operation `==` cannot be applied to type `Matrix3<S>`
[INFO] [stdout]    --> /opt/rustwide/cargo-home/registry/src/index.crates.io-6f17d22bba15001f/cgmath-0.11.0/src/rotation.rs:220:5
[INFO] [stdout]     |
[INFO] [stdout] 216 | #[derive(PartialEq, Copy, Clone)]
[INFO] [stdout]     |          --------- in this derive macro expansion
[INFO] [stdout] ...
[INFO] [stdout] 220 |     mat: Matrix3<S>
[INFO] [stdout]     |     ^^^^^^^^^^^^^^^
[INFO] [stdout]     |
[INFO] [stdout]     = note: this error originates in the derive macro `PartialEq` (in Nightly builds, run with -Z macro-backtrace for more info)
[INFO] [stdout] help: consider restricting type parameter `S`
[INFO] [stdout]     |
[INFO] [stdout] 219 | pub struct Basis3<S: std::marker::Copy> {
[INFO] [stdout]     |                    +++++++++++++++++++
[INFO] [stdout] 
[INFO] [stdout] 
[INFO] [stdout] error[E0277]: the trait bound `S: Copy` is not satisfied
[INFO] [stdout]    --> /opt/rustwide/cargo-home/registry/src/index.crates.io-6f17d22bba15001f/cgmath-0.11.0/src/rotation.rs:220:5
[INFO] [stdout]     |
[INFO] [stdout] 216 | #[derive(PartialEq, Copy, Clone)]
[INFO] [stdout]     |                           ----- in this derive macro expansion
[INFO] [stdout] ...
[INFO] [stdout] 220 |     mat: Matrix3<S>
[INFO] [stdout]     |     ^^^^^^^^^^^^^^^ the trait `Copy` is not implemented for `S`
[INFO] [stdout]     |
[INFO] [stdout] note: required for `Matrix3<S>` to implement `Clone`
[INFO] [stdout]    --> /opt/rustwide/cargo-home/registry/src/index.crates.io-6f17d22bba15001f/cgmath-0.11.0/src/matrix.rs:52:16
[INFO] [stdout]     |
[INFO] [stdout] 52  | #[derive(Copy, Clone, PartialEq)]
[INFO] [stdout]     |                ^^^^^ unsatisfied trait bound introduced in this `derive` macro
[INFO] [stdout]     = note: this error originates in the derive macro `Clone` (in Nightly builds, run with -Z macro-backtrace for more info)
[INFO] [stdout] help: consider restricting type parameter `S`
[INFO] [stdout]     |
[INFO] [stdout] 219 | pub struct Basis3<S: std::marker::Copy> {
[INFO] [stdout]     |                    +++++++++++++++++++
[INFO] [stdout] 
[INFO] [stdout] 
[INFO] [stdout] error[E0277]: the trait bound `S: Copy` is not satisfied
[INFO] [stdout]   --> /opt/rustwide/cargo-home/registry/src/index.crates.io-6f17d22bba15001f/cgmath-0.11.0/src/projection.rs:73:5
[INFO] [stdout]    |
[INFO] [stdout] 70 | #[cfg_attr(feature = "rustc-serialize", derive(RustcEncodable, RustcDecodable))]
[INFO] [stdout]    |                                                --------------
[INFO] [stdout]    |                                                |
[INFO] [stdout]    |                                                required by a bound introduced by this call
[INFO] [stdout]    |                                                in this derive macro expansion
[INFO] [stdout] ...
[INFO] [stdout] 73 |     pub fovy:   Rad<S>,
[INFO] [stdout]    |     ^^^^^^^^^^^^^^^^^^ the trait `Copy` is not implemented for `S`
[INFO] [stdout]    |
[INFO] [stdout] note: required for `Rad<S>` to implement `Encodable`
[INFO] [stdout]   --> /opt/rustwide/cargo-home/registry/src/index.crates.io-6f17d22bba15001f/cgmath-0.11.0/src/angle.rs:36:48
[INFO] [stdout]    |
[INFO] [stdout] 36 | #[cfg_attr(feature = "rustc-serialize", derive(RustcEncodable, RustcDecodable))]
[INFO] [stdout]    |                                                ^^^^^^^^^^^^^^ unsatisfied trait bound introduced in this `derive` macro
[INFO] [stdout]    = note: 1 redundant requirement hidden
[INFO] [stdout]    = note: required for `&Rad<S>` to implement `Encodable`
[INFO] [stdout]    = note: this error originates in the derive macro `RustcEncodable` (in Nightly builds, run with -Z macro-backtrace for more info)
[INFO] [stdout] help: consider restricting type parameter `S`
[INFO] [stdout]    |
[INFO] [stdout] 72 | pub struct PerspectiveFov<S: std::marker::Copy> {
[INFO] [stdout]    |                            +++++++++++++++++++
[INFO] [stdout] 
[INFO] [stdout] 
[INFO] [stdout] error[E0277]: the trait bound `S: Copy` is not satisfied
[INFO] [stdout]   --> /opt/rustwide/cargo-home/registry/src/index.crates.io-6f17d22bba15001f/cgmath-0.11.0/src/projection.rs:73:5
[INFO] [stdout]    |
[INFO] [stdout] 70 | #[cfg_attr(feature = "rustc-serialize", derive(RustcEncodable, RustcDecodable))]
[INFO] [stdout]    |                                                                -------------- in this derive macro expansion
[INFO] [stdout] ...
[INFO] [stdout] 73 |     pub fovy:   Rad<S>,
[INFO] [stdout]    |     ^^^^^^^^^^^^^^^^^^ the trait `Copy` is not implemented for `S`
[INFO] [stdout]    |
[INFO] [stdout] note: required for `Rad<S>` to implement `Decodable`
[INFO] [stdout]   --> /opt/rustwide/cargo-home/registry/src/index.crates.io-6f17d22bba15001f/cgmath-0.11.0/src/angle.rs:36:64
[INFO] [stdout]    |
[INFO] [stdout] 36 | #[cfg_attr(feature = "rustc-serialize", derive(RustcEncodable, RustcDecodable))]
[INFO] [stdout]    |                                                                ^^^^^^^^^^^^^^ unsatisfied trait bound introduced in this `derive` macro
[INFO] [stdout]    = note: this error originates in the derive macro `RustcDecodable` (in Nightly builds, run with -Z macro-backtrace for more info)
[INFO] [stdout] help: consider restricting type parameter `S`
[INFO] [stdout]    |
[INFO] [stdout] 72 | pub struct PerspectiveFov<S: std::marker::Copy> {
[INFO] [stdout]    |                            +++++++++++++++++++
[INFO] [stdout] 
[INFO] [stdout] 
[INFO] [stdout] error[E0277]: the trait bound `S: Copy` is not satisfied
[INFO] [stdout]   --> /opt/rustwide/cargo-home/registry/src/index.crates.io-6f17d22bba15001f/cgmath-0.11.0/src/projection.rs:70:64
[INFO] [stdout]    |
[INFO] [stdout] 70 | #[cfg_attr(feature = "rustc-serialize", derive(RustcEncodable, RustcDecodable))]
[INFO] [stdout]    |                                                                ^^^^^^^^^^^^^^ the trait `Copy` is not implemented for `S`
[INFO] [stdout]    |
[INFO] [stdout] note: required for `Rad<S>` to implement `Decodable`
[INFO] [stdout]   --> /opt/rustwide/cargo-home/registry/src/index.crates.io-6f17d22bba15001f/cgmath-0.11.0/src/angle.rs:36:64
[INFO] [stdout]    |
[INFO] [stdout] 36 | #[cfg_attr(feature = "rustc-serialize", derive(RustcEncodable, RustcDecodable))]
[INFO] [stdout]    |                                                                ^^^^^^^^^^^^^^ unsatisfied trait bound introduced in this `derive` macro
[INFO] [stdout]    = note: this error originates in the derive macro `RustcDecodable` (in Nightly builds, run with -Z macro-backtrace for more info)
[INFO] [stdout] help: consider restricting type parameter `S`
[INFO] [stdout]    |
[INFO] [stdout] 72 | pub struct PerspectiveFov<S: std::marker::Copy> {
[INFO] [stdout]    |                            +++++++++++++++++++
[INFO] [stdout] 
[INFO] [stdout] 
[INFO] [stdout] error[E0277]: the trait bound `S: Copy` is not satisfied
[INFO] [stdout]   --> /opt/rustwide/cargo-home/registry/src/index.crates.io-6f17d22bba15001f/cgmath-0.11.0/src/projection.rs:73:5
[INFO] [stdout]    |
[INFO] [stdout] 69 | #[derive(Copy, Clone, Debug, PartialEq)]
[INFO] [stdout]    |                ----- in this derive macro expansion
[INFO] [stdout] ...
[INFO] [stdout] 73 |     pub fovy:   Rad<S>,
[INFO] [stdout]    |     ^^^^^^^^^^^^^^^^^^ the trait `Copy` is not implemented for `S`
[INFO] [stdout]    |
[INFO] [stdout] note: required for `Rad<S>` to implement `Clone`
[INFO] [stdout]   --> /opt/rustwide/cargo-home/registry/src/index.crates.io-6f17d22bba15001f/cgmath-0.11.0/src/angle.rs:35:16
[INFO] [stdout]    |
[INFO] [stdout] 35 | #[derive(Copy, Clone, PartialEq, PartialOrd)]
[INFO] [stdout]    |                ^^^^^ unsatisfied trait bound introduced in this `derive` macro
[INFO] [stdout]    = note: this error originates in the derive macro `Clone` (in Nightly builds, run with -Z macro-backtrace for more info)
[INFO] [stdout] help: consider restricting type parameter `S`
[INFO] [stdout]    |
[INFO] [stdout] 72 | pub struct PerspectiveFov<S: std::marker::Copy> {
[INFO] [stdout]    |                            +++++++++++++++++++
[INFO] [stdout] 
[INFO] [stdout] 
[INFO] [stdout] error[E0369]: binary operation `==` cannot be applied to type `Rad<S>`
[INFO] [stdout]   --> /opt/rustwide/cargo-home/registry/src/index.crates.io-6f17d22bba15001f/cgmath-0.11.0/src/projection.rs:73:5
[INFO] [stdout]    |
[INFO] [stdout] 69 | #[derive(Copy, Clone, Debug, PartialEq)]
[INFO] [stdout]    |                              --------- in this derive macro expansion
[INFO] [stdout] ...
[INFO] [stdout] 73 |     pub fovy:   Rad<S>,
[INFO] [stdout]    |     ^^^^^^^^^^^^^^^^^^
[INFO] [stdout]    |
[INFO] [stdout]    = note: this error originates in the derive macro `PartialEq` (in Nightly builds, run with -Z macro-backtrace for more info)
[INFO] [stdout] help: consider restricting type parameter `S`
[INFO] [stdout]    |
[INFO] [stdout] 72 | pub struct PerspectiveFov<S: std::marker::Copy> {
[INFO] [stdout]    |                            +++++++++++++++++++
[INFO] [stdout] 
[INFO] [stdout] 
[INFO] [stdout] error: aborting due to 15 previous errors
[INFO] [stdout] 
[INFO] [stdout] 
[INFO] [stdout] Some errors have detailed explanations: E0277, E0369.
[INFO] [stdout] 
[INFO] [stdout] For more information about an error, try `rustc --explain E0277`.
[INFO] [stdout] 
[INFO] [stderr] error: could not compile `cgmath` (lib) due to 16 previous errors
[INFO] [stderr] warning: build failed, waiting for other jobs to finish...
[INFO] running `Command { std: "docker" "inspect" "84a13eaa8f90bdc45c2fc4e97354cb039103a644557a8c72e7b4a8cc45a91b4d", kill_on_drop: false }`
[INFO] running `Command { std: "docker" "rm" "-f" "84a13eaa8f90bdc45c2fc4e97354cb039103a644557a8c72e7b4a8cc45a91b4d", kill_on_drop: false }`
[INFO] [stdout] 84a13eaa8f90bdc45c2fc4e97354cb039103a644557a8c72e7b4a8cc45a91b4d
